Mailing List Archive

[libvirt test] 139193: tolerable all pass - PUSHED
flight 139193 libvirt real [real]
http://logs.test-lab.xenproject.org/osstest/logs/139193/

Failures :-/ but no regressions.

Tests which did not succeed, but are not blocking:
test-armhf-armhf-libvirt 14 saverestore-support-check fail like 139037
test-armhf-armhf-libvirt-raw 13 saverestore-support-check fail like 139037
test-amd64-amd64-libvirt 13 migrate-support-check fail never pass
test-amd64-amd64-libvirt-xsm 13 migrate-support-check fail never pass
test-amd64-i386-libvirt-xsm 13 migrate-support-check fail never pass
test-amd64-i386-libvirt 13 migrate-support-check fail never pass
test-amd64-amd64-libvirt-qemuu-debianhvm-amd64-xsm 11 migrate-support-check fail never pass
test-amd64-i386-libvirt-qemuu-debianhvm-amd64-xsm 11 migrate-support-check fail never pass
test-arm64-arm64-libvirt-xsm 13 migrate-support-check fail never pass
test-arm64-arm64-libvirt-xsm 14 saverestore-support-check fail never pass
test-arm64-arm64-libvirt 13 migrate-support-check fail never pass
test-arm64-arm64-libvirt 14 saverestore-support-check fail never pass
test-amd64-amd64-libvirt-vhd 12 migrate-support-check fail never pass
test-arm64-arm64-libvirt-qcow2 12 migrate-support-check fail never pass
test-arm64-arm64-libvirt-qcow2 13 saverestore-support-check fail never pass
test-armhf-armhf-libvirt 13 migrate-support-check fail never pass
test-armhf-armhf-libvirt-raw 12 migrate-support-check fail never pass

version targeted for testing:
libvirt 88ce7bac413a7a5722b2ffe53dd844c0d677168a
baseline version:
libvirt f58bcb80b2ca1791acd5ec0255297a44aa9d4dbe

Last test of basis 139037 2019-07-16 04:18:53 Z 4 days
Failing since 139076 2019-07-17 04:18:47 Z 3 days 4 attempts
Testing same since 139193 2019-07-20 04:19:05 Z 0 days 1 attempts

------------------------------------------------------------
People who touched revisions under test:
Cole Robinson <crobinso@redhat.com>
Daniel Henrique Barboza <danielhb413@gmail.com>
Daniel P. Berrangé <berrange@redhat.com>
Erik Skultety <eskultet@redhat.com>
Jiri Denemark <jdenemar@redhat.com>
Jonathon Jongsma <jjongsma@redhat.com>
Julio Faracco <jcfaracco@gmail.com>
Ján Tomko <jtomko@redhat.com>
Michal Privoznik <mprivozn@redhat.com>
Peter Krempa <pkrempa@redhat.com>
Silvan Kaiser <silvan@quobyte.com>
Wang Yechao <wang.yechao255@zte.com.cn>

jobs:
build-amd64-xsm pass
build-arm64-xsm pass
build-i386-xsm pass
build-amd64 pass
build-arm64 pass
build-armhf pass
build-i386 pass
build-amd64-libvirt pass
build-arm64-libvirt pass
build-armhf-libvirt pass
build-i386-libvirt pass
build-amd64-pvops pass
build-arm64-pvops pass
build-armhf-pvops pass
build-i386-pvops pass
test-amd64-amd64-libvirt-qemuu-debianhvm-amd64-xsm pass
test-amd64-i386-libvirt-qemuu-debianhvm-amd64-xsm pass
test-amd64-amd64-libvirt-xsm pass
test-arm64-arm64-libvirt-xsm pass
test-amd64-i386-libvirt-xsm pass
test-amd64-amd64-libvirt pass
test-arm64-arm64-libvirt pass
test-armhf-armhf-libvirt pass
test-amd64-i386-libvirt pass
test-amd64-amd64-libvirt-pair pass
test-amd64-i386-libvirt-pair pass
test-arm64-arm64-libvirt-qcow2 pass
test-armhf-armhf-libvirt-raw pass
test-amd64-amd64-libvirt-vhd pass


------------------------------------------------------------
sg-report-flight on osstest.test-lab.xenproject.org
logs: /home/logs/logs
images: /home/logs/images

Logs, config files, etc. are available at
http://logs.test-lab.xenproject.org/osstest/logs

Explanation of these reports, and of osstest in general, is at
http://xenbits.xen.org/gitweb/?p=osstest.git;a=blob;f=README.email;hb=master
http://xenbits.xen.org/gitweb/?p=osstest.git;a=blob;f=README;hb=master

Test harness code can be found at
http://xenbits.xen.org/gitweb?p=osstest.git;a=summary


Pushing revision :

To xenbits.xen.org:/home/xen/git/libvirt.git
f58bcb80b2..88ce7bac41 88ce7bac413a7a5722b2ffe53dd844c0d677168a -> xen-tested-master

_______________________________________________
Xen-devel mailing list
Xen-devel@lists.xenproject.org
https://lists.xenproject.org/mailman/listinfo/xen-devel